{"id":578,"date":"2024-01-08T11:30:51","date_gmt":"2024-01-08T14:30:51","guid":{"rendered":"https:\/\/sinduscon-rs.com.br\/cadastro-da-engenharia-e-construcao-gaucha\/?page_id=578"},"modified":"2025-11-11T09:54:21","modified_gmt":"2025-11-11T12:54:21","slug":"empresas","status":"publish","type":"page","link":"https:\/\/sinduscon-rs.com.br\/cadastro-da-engenharia-e-construcao-gaucha\/","title":{"rendered":"Empresas"},"content":{"rendered":"\t\t<div data-elementor-type=\"wp-page\" data-elementor-id=\"578\" class=\"elementor elementor-578\" data-elementor-post-type=\"page\">\n\t\t\t\t\t\t<section class=\"elementor-section elementor-top-section elementor-element elementor-element-c910da8 elementor-section-boxed elementor-section-height-default elementor-section-height-default\" data-id=\"c910da8\" data-element_type=\"section\">\n\t\t\t\t\t\t<div class=\"elementor-container elementor-column-gap-no\">\n\t\t\t\t\t<div class=\"elementor-column elementor-col-100 elementor-top-column elementor-element elementor-element-fbab6ad\" data-id=\"fbab6ad\" data-element_type=\"column\">\n\t\t\t<div class=\"elementor-widget-wrap elementor-element-populated\">\n\t\t\t\t\t\t<div class=\"elementor-element elementor-element-d8f1596 elementor-widget__width-auto elementor-widget elementor-widget-heading\" data-id=\"d8f1596\" data-element_type=\"widget\" data-widget_type=\"heading.default\">\n\t\t\t\t<div class=\"elementor-widget-container\">\n\t\t\t<style>\/*! elementor - v3.22.0 - 24-06-2024 *\/\n.elementor-heading-title{padding:0;margin:0;line-height:1}.elementor-widget-heading .elementor-heading-title[class*=elementor-size-]>a{color:inherit;font-size:inherit;line-height:inherit}.elementor-widget-heading .elementor-heading-title.elementor-size-small{font-size:15px}.elementor-widget-heading .elementor-heading-title.elementor-size-medium{font-size:19px}.elementor-widget-heading .elementor-heading-title.elementor-size-large{font-size:29px}.elementor-widget-heading .elementor-heading-title.elementor-size-xl{font-size:39px}.elementor-widget-heading .elementor-heading-title.elementor-size-xxl{font-size:59px}<\/style><h2 class=\"elementor-heading-title elementor-size-default\">Cadastro da Engenharia e Constru\u00e7\u00e3o Ga\u00facha<\/h2>\t\t<\/div>\n\t\t\t\t<\/div>\n\t\t\t\t<section class=\"elementor-section elementor-inner-section elementor-element elementor-element-9cdb3c0 elementor-section-boxed elementor-section-height-default elementor-section-height-default\" data-id=\"9cdb3c0\" data-element_type=\"section\">\n\t\t\t\t\t\t<div class=\"elementor-container elementor-column-gap-no\">\n\t\t\t\t\t<div class=\"elementor-column elementor-col-100 elementor-inner-column elementor-element elementor-element-4ed25fe\" data-id=\"4ed25fe\" data-element_type=\"column\">\n\t\t\t<div class=\"elementor-widget-wrap elementor-element-populated\">\n\t\t\t\t\t\t<div class=\"elementor-element elementor-element-c35ad4b elementor-widget elementor-widget-search-filter-form\" data-id=\"c35ad4b\" data-element_type=\"widget\" data-widget_type=\"search-filter-form.default\">\n\t\t\t\t<div class=\"elementor-widget-container\">\n\t\t\t<form data-sf-form-id='340' data-is-rtl='0' data-maintain-state='' data-results-url='https:\/\/sinduscon-rs.com.br\/cadastro-da-engenharia-e-construcao-gaucha\/resultados\/' data-ajax-form-url='https:\/\/sinduscon-rs.com.br\/cadastro-da-engenharia-e-construcao-gaucha\/?sfid=340&amp;sf_action=get_data&amp;sf_data=form' data-display-result-method='elementor_loop_widget' data-use-history-api='1' data-template-loaded='0' data-lang-code='pt' data-ajax='0' data-init-paged='1' data-auto-update='' action='https:\/\/sinduscon-rs.com.br\/cadastro-da-engenharia-e-construcao-gaucha\/resultados\/' method='post' class='searchandfilter' id='search-filter-form-340' autocomplete='off' data-instance-count='1'><ul><li class=\"sf-field-search\" data-sf-field-name=\"search\" data-sf-field-type=\"search\" data-sf-field-input-type=\"\">\t\t<label>\n\t\t\t\t   <input placeholder=\"Pesquisar por palavra-chave \u2026\" name=\"_sf_search[]\" class=\"sf-input-text\" type=\"text\" value=\"\" title=\"\"><\/label>\t\t<\/li><li class=\"sf-field-taxonomy-area-da-construcao\" data-sf-field-name=\"_sft_area-da-construcao\" data-sf-field-type=\"taxonomy\" data-sf-field-input-type=\"multiselect\" data-sf-combobox=\"1\">\t\t<label>\n\t\t\t\t   \t\t<select data-combobox=\"1\" data-placeholder=\"Constru\u00e7\u00e3o\" data-operator=\"and\" multiple=\"multiple\" name=\"_sft_area-da-construcao[]\" class=\"sf-input-select\" title=\"\">\n\t\t\t\t\t\t  \t\t\t<option class=\"sf-level-0 sf-item-11\" data-sf-count=\"9\" data-sf-depth=\"0\" value=\"estruturas-metalicas\">Estruturas Met\u00e1licas<\/option>\n\t\t\t\t\t\t\t\t\t\t\t<option class=\"sf-level-0 sf-item-10\" data-sf-count=\"14\" data-sf-depth=\"0\" value=\"estruturas-prediais-pre-fabricadas\">Estruturas Prediais pr\u00e9-fabricadas<\/option>\n\t\t\t\t\t\t\t\t\t\t\t<option class=\"sf-level-0 sf-item-21\" data-sf-count=\"11\" data-sf-depth=\"0\" value=\"fundacoes\">Funda\u00e7\u00f5es<\/option>\n\t\t\t\t\t\t\t\t\t\t\t<option class=\"sf-level-0 sf-item-43\" data-sf-count=\"7\" data-sf-depth=\"0\" value=\"infraestrutura-terraplenagem-pavimentacao-e-saneamento\">Infraestrutura (Terraplenagem, Pavimenta\u00e7\u00e3o e Saneamento)<\/option>\n\t\t\t\t\t\t\t\t\t\t\t<option class=\"sf-level-0 sf-item-44\" data-sf-count=\"7\" data-sf-depth=\"0\" value=\"instalacoes-eletricas-iluminacao-logica-subestacoes-telefonia\">Instala\u00e7\u00f5es El\u00e9tricas (Ilumina\u00e7\u00e3o, l\u00f3gica, subesta\u00e7\u00f5es, telefonia)<\/option>\n\t\t\t\t\t\t\t\t\t\t\t<option class=\"sf-level-0 sf-item-27\" data-sf-count=\"7\" data-sf-depth=\"0\" value=\"instalacoes-hidro-sanitarias\">Instala\u00e7\u00f5es Hidro sanit\u00e1rias<\/option>\n\t\t\t\t\t\t\t\t\t\t\t<option class=\"sf-level-0 sf-item-12\" data-sf-count=\"3\" data-sf-depth=\"0\" value=\"montagem-eletromecanica\">Montagem Eletromec\u00e2nica<\/option>\n\t\t\t\t\t\t\t\t\t\t\t<option class=\"sf-level-0 sf-item-7\" data-sf-count=\"21\" data-sf-depth=\"0\" value=\"obras-corporativas\">Obras Corporativas<\/option>\n\t\t\t\t\t\t\t\t\t\t\t<option class=\"sf-level-0 sf-item-9\" data-sf-count=\"18\" data-sf-depth=\"0\" value=\"obras-hospitalares\">Obras Hospitalares<\/option>\n\t\t\t\t\t\t\t\t\t\t\t<option class=\"sf-level-0 sf-item-8\" data-sf-count=\"19\" data-sf-depth=\"0\" value=\"obras-industriais\">Obras Industriais<\/option>\n\t\t\t\t\t\t\t\t\t\t\t<option class=\"sf-level-0 sf-item-42\" data-sf-count=\"13\" data-sf-depth=\"0\" value=\"reformas-e-predios-ampliacao-conservacao-e-manutencao\">Reformas e Pr\u00e9dios (Amplia\u00e7\u00e3o, Conserva\u00e7\u00e3o e Manuten\u00e7\u00e3o)<\/option>\n\t\t\t\t\t\t\t\t\t\t\t<\/select><\/label>\t\t\t\t\t\t\t\t\t\t<\/li><li class=\"sf-field-taxonomy-area-da-consultoria\" data-sf-field-name=\"_sft_area-da-consultoria\" data-sf-field-type=\"taxonomy\" data-sf-field-input-type=\"multiselect\" data-sf-combobox=\"1\">\t\t<label>\n\t\t\t\t   \t\t<select data-combobox=\"1\" data-placeholder=\"Consultoria\" data-operator=\"and\" multiple=\"multiple\" name=\"_sft_area-da-consultoria[]\" class=\"sf-input-select\" title=\"\">\n\t\t\t\t\t\t  \t\t\t<option class=\"sf-level-0 sf-item-30\" data-sf-count=\"9\" data-sf-depth=\"0\" value=\"consultoria-em-orcamento-e-planejamento-de-obras\">Consultoria em Or\u00e7amento e Planejamento de Obras<\/option>\n\t\t\t\t\t\t\t\t\t\t\t<option class=\"sf-level-0 sf-item-33\" data-sf-count=\"3\" data-sf-depth=\"0\" value=\"consultoria-em-pericia-e-avaliacoes\">Consultoria em Per\u00edcia e Avalia\u00e7\u00f5es<\/option>\n\t\t\t\t\t\t\t\t\t\t\t<option class=\"sf-level-0 sf-item-14\" data-sf-count=\"11\" data-sf-depth=\"0\" value=\"gerenciamento-e-fiscalizacao-de-obras\">Gerenciamento e Fiscaliza\u00e7\u00e3o de Obras<\/option>\n\t\t\t\t\t\t\t\t\t\t\t<option class=\"sf-level-0 sf-item-15\" data-sf-count=\"7\" data-sf-depth=\"0\" value=\"gerenciamento-e-fiscalizacao-de-projeto\">Gerenciamento e Fiscaliza\u00e7\u00e3o de Projeto<\/option>\n\t\t\t\t\t\t\t\t\t\t\t<option class=\"sf-level-0 sf-item-13\" data-sf-count=\"13\" data-sf-depth=\"0\" value=\"projetos\">Projetos<\/option>\n\t\t\t\t\t\t\t\t\t\t\t<\/select><\/label>\t\t\t\t\t\t\t\t\t\t<\/li><li class=\"sf-field-submit\" data-sf-field-name=\"submit\" data-sf-field-type=\"submit\" data-sf-field-input-type=\"\"><input type=\"submit\" name=\"_sf_submit\" value=\"Pesquisar\"><\/li><\/ul><\/form>\t\t<\/div>\n\t\t\t\t<\/div>\n\t\t\t\t\t<\/div>\n\t\t<\/div>\n\t\t\t\t\t<\/div>\n\t\t<\/section>\n\t\t\t\t\t<\/div>\n\t\t<\/div>\n\t\t\t\t\t<\/div>\n\t\t<\/section>\n\t\t\t\t<\/div>\n\t\t","protected":false},"excerpt":{"rendered":"<p>Cadastro da Engenharia e Constru\u00e7\u00e3o Ga\u00facha<\/p>\n","protected":false},"author":1,"featured_media":0,"parent":0,"menu_order":0,"comment_status":"closed","ping_status":"closed","template":"","meta":{"_acf_changed":false,"footnotes":""},"acf":[],"_links":{"self":[{"href":"https:\/\/sinduscon-rs.com.br\/cadastro-da-engenharia-e-construcao-gaucha\/wp-json\/wp\/v2\/pages\/578"}],"collection":[{"href":"https:\/\/sinduscon-rs.com.br\/cadastro-da-engenharia-e-construcao-gaucha\/wp-json\/wp\/v2\/pages"}],"about":[{"href":"https:\/\/sinduscon-rs.com.br\/cadastro-da-engenharia-e-construcao-gaucha\/wp-json\/wp\/v2\/types\/page"}],"author":[{"embeddable":true,"href":"https:\/\/sinduscon-rs.com.br\/cadastro-da-engenharia-e-construcao-gaucha\/wp-json\/wp\/v2\/users\/1"}],"replies":[{"embeddable":true,"href":"https:\/\/sinduscon-rs.com.br\/cadastro-da-engenharia-e-construcao-gaucha\/wp-json\/wp\/v2\/comments?post=578"}],"version-history":[{"count":8,"href":"https:\/\/sinduscon-rs.com.br\/cadastro-da-engenharia-e-construcao-gaucha\/wp-json\/wp\/v2\/pages\/578\/revisions"}],"predecessor-version":[{"id":1048,"href":"https:\/\/sinduscon-rs.com.br\/cadastro-da-engenharia-e-construcao-gaucha\/wp-json\/wp\/v2\/pages\/578\/revisions\/1048"}],"wp:attachment":[{"href":"https:\/\/sinduscon-rs.com.br\/cadastro-da-engenharia-e-construcao-gaucha\/wp-json\/wp\/v2\/media?parent=578"}],"curies":[{"name":"wp","href":"https:\/\/api.w.org\/{rel}","templated":true}]}}